0?
-403330
In base 9, what is -8 + -278407?
-278416
In base 13, what is 16ca5 - a6?
16bcc
In base 10, what is -8742112 - 45?
-8742157
In base 6, what is -54041 - -21352?
-32245
In base 6, what is -5 + -20155224400?
-20155224405
In base 6, what is -212354232 + 115?
-212354113
In base 6, what is -201331551131 + -2?
-201331551133
In base 2, what is 10000001010100011011100 + -1010111?
10000001010100010000101
In base 5, what is -4214113104 - 32?
-4214113141
In base 2, what is 101001000000101110011110001 + 110?
101001000000101110011110111
In base 12, what is -20 + 1120a5?
112085
In base 5, what is -13 - -1040201443?
1040201430
In base 15, what is -45e4a0 - -8?
-45e497
In base 6, what is -5 - 202040321?
-202040330
In base 8, what is 2324463 + -77?
2324364
In base 4, what is 3022 + -23120313301?
-23120310213
In base 5, what is 31404113122 + -1?
31404113121
In base 3, what is 11222202 - 11020022111?
-11001022202
In base 10, what is -9030359 - 8?
-9030367
In base 2, what is 11111000001000001000 - 11?
11111000001000000101
In base 14, what is 30aab91 - -a?
30aab9b
In base 14, what is 24 - -63a?
660
In base 8, what is 124440736 - -5?
124440743
In base 2, what is -11000111001101111101 - -11111?
-11000111001101011110
In base 12, what is 171 - -8a869?
8aa1a
In base 15, what is -19e590a - -2?
-19e5908
In base 14, what is 28 + -11b9560?
-11b9536
In base 3, what is 1 + -221222101110?
-221222101102
In base 3, what is 12022 + 200000022120?
200000111212
In base 14, what is 5 - -1006479d?
100647a4
In base 15, what is 1561b61 - 1?
1561b60
In base 11, what is 28562162 - 0?
28562162
In base 8, what is -4400432053 + 3?
-4400432050
In base 11, what is -5 - 5429a240?
-5429a245
In base 16, what is -4a44 + -822?
-5266
In base 6, what is -202014011 + -30?
-202014041
In base 8, what is 1630 + -365260?
-363430
In base 15, what is 15dc6de5 - 1?
15dc6de4
In base 11, what is 9567146 - 6?
9567140
In base 11, what is 41052 - 106?
40a47
In base 6, what is 23304 + 324155?
351503
In base 6, what is -122451 - -121500?
-551
In base 8, what is -466261 + -24?
-466305
In base 8, what is 13743221 - 2?
13743217
In base 6, what is -1 - 13003202?
-13003203
In base 5, what is -1412223 + -2043?
-1414321
In base 15, what is -3 + 5c78ee?
5c78eb
In base 9, what is -288631720 + -2?
-288631722
In base 10, what is 820 + -226612?
-225792
In base 11, what is 602036 + 20?
602056
In base 9, what is -30362 + -1?
-30363
In base 4, what is -113 + -1332020030?
-1332020203
In base 5, what is -103333 + 1014001?
410113
In base 15, what is -3a - -1db3a3?
1db368
In base 9, what is 555871 - -1654?
557635
In base 9, what is -1728024 - -107?
-1727816
In base 7, what is 110453 - 6501?
100652
In base 4, what is 102 - 1112311313300?
-1112311313132
In base 2, what is -1011001110100100111111010 - 101?
-1011001110100100111111111
In base 14, what is 39d - -4aa18?
4adb7
In base 11, what is -15 + 48aa3?
48a89
In base 14, what is 138150a - 9?
1381501
In base 2, what is -111010010 - 111011101010100?
-111100100100110
In base 11, what is 40 + 31236?
31276
In base 10, what is -2356 - -24179?
21823
In base 14, what is -19 - -452d8d9?
452d8c0
In base 6, what is 1120351315 + 5?
1120351324
In base 5, what is 4221043100 + -1?
4221043044
In base 4, what is -11132232221 + 10?
-11132232211
In base 12, what is -1 - -447836a?
4478369
In base 8, what is -12123 - -22424?
10301
In base 8, what is 11201 - 24044?
-12643
In base 10, what is -3 + -4281170?
-4281173
In base 2, what is -1011000 + 10011111000111101110?
10011111000110010110
In base 4, what is 2010 - -3201121?
3203131
In base 3, what is -1101 + -20110011010?
-20110012111
In base 10, what is 11324 - 1998?
9326
In base 16, what is -45c7 + 12b1?
-3316
In base 6, what is 102123001 - 403?
102122154
In base 15, what is -200cd84 + -5?
-200cd89
In base 10, what is -48 - -1994846?
1994798
In base 12, what is -a028b7 + -8?
-a02903
In base 13, what is 3178141 + 4?
3178145
In base 11, what is 181 - 3121?
-2a50
In base 13, what is 4 - 803a3?
-8039c
In base 12, what is 61 - 2443ab?
-24434a
In base 5, what is -100 + -203141024?
-203141124
In base 10, what is -3818551 - 16?
-3818567
In base 16, what is -9b1552b + 4?
-9b15527
In base 7, what is 34 + -563344?
-563310
In base 16, what is 101 - 61f6?
-60f5
In base 3, what is -222220 + 212211222?
211212002
In base 3, what is -201100 + 2102220000000?
2102212021200
In base 7, what is 104132 - -535?
105000
In base 8, what is 57 + 521537?
521616
In base 15, what is -41d218 - 10?
-41d228
In base 11, what is 24 + -152082?
-152059
In base 9, what is -50321 + 2276?
-47034
In base 7, what is -12 - 21436135?
-21436150
In base 15, what is 13d23 - 13d6?
1293c
In base 10, what is 8 - -244543258?
244543266
In base 13, what is 360a0a - -6?
360a13
In base 7, what is 114 + -2524106?
-2523662
In base 13, what is 1762 + a0b5?
b847
In base 10, what is -1 - -15732076?
15732075
In base 13, what is 651700c - -6?
6517015
In base 9, what is 3786 + -10883?
-6086
In base 4, what is 10331010220030 - 2?
10331010220022
In base 14, what is 88a0d + 458?
89067
In base 13, what is -3a - -169ba?
16980
In base 10, what is 1989 + -11212?
-9223
In base 9, what is 5 - 152426033?
-152426027
In base 6, what is 10204200 + -55?
10204101
In base 14, what is -11214b + 75c?
-1117cd
In base 12, what is -1298636 - 2b?
-1298665
In base 2, what is 1001000000011000 - 11010000001?
1000100110010111
In base 8, what is -25 - -72311273?
72311246
In base 2, what is 1011000110001 - -10110001101?
1101110111110
In base 4, what is 111030032 - -11?
111030103
In base 6, what is -212023024 - 3?
-212023031
In base 9, what is -47468 - -324?
-47144
In base 9, what is 46588251 - 11?
46588240
In base 3, what is 2102 - -2222112200202?
2222112210011
In base 4, what is 0 + -20220132313?
-20220132313
In base 5, what is 21343310 + 343?
21344203
In base 12, what is -43a70b74 + 6?
-43a70b6a
In base 14, what is a00 - 4947?
-3d47
In base 2, what is -1101011101101010111 - 10010?
-1101011101101101001
In base 11, what is 13013010 + 51?
13013061
In base 11, what is -93982 - -341?
-93641
In base 8, what is -6 - -22737635?
22737627
In base 13, what is 47 - -18b7c?
18bc6
In base 5, what is 3 + -333124034?
-333124031
In base 4, what is -1303121132121 - -10?
-1303121132111
In base 15, what is -76b454 + -5?
-76b459
In base 10, what is 6232 + 37803?
44035
In base 12, what is -8419 - 6689?
-12aa6
In base 9, what is 664407 - 186?
664211
In base 14, what is 1 + 1172858?
1172859
In base 4, what is 3 + 13332111303?
13332111312
In base 9, what is 32 + -1626528?
-1626486
In base 15, what is 54b - 188a?
-133e
In base 8, what is -231 - 377226?
-377457
In base 15, what is ae0 + -73021?
-72431
In base 12, what is -418408 - -3?
-418405
In base 10, what is 3454209 + -43?
3454166
In base 6, what is -233202 + -130?
-233332
In base 7, what is 24 + -42000413?
-42000356
In base 16, what is a54 - cd79?
-c325
In base 14, what is 0 + 14b7a49?
14b7a49
In base 8, what is 47 - 121651?
-121602
In base 2, what is 1000000010110011 + -101010101?
111111101011110
In base 5, what is 31 + -334243232?
-334243201
In base 8, what is 134 + 54111?
54245
In base 10, what is -81 - -46680?
46599
In base 13, what is 42cc303 - 0?
42cc303
In base 2, what is -11 + -110011000011110110101?
-110011000011110111000
In base 7, what is -10335625 - 1062?
-10340020
In base 4, what is -311221 - -12132101?
11220220
In base 3, what is -1002021021210220 - -1?
-1002021021210212
In base 11, what is 735953 - 11?
735942
In base 10, what is -530051 + 10?
-530041
In base 7, what is 54 - 1234543?
-1234456
In base 5, what is -202431214 + -3?
-202431222
In base 3, what is -10212 + -100120021002?
-100120101221
In base 9, what is -66 - 315074?
-315151
In base 3, what is 100101001 + 201?
100101202
In base 14, what is 1bbc57a - 3?
1bbc577
In base 2, what is -100001001111010111111 + 1111?
-100001001111010110000
In base 7, what is -61533466 - -114?
-61533352
In base 10, what is 10 + -226680?
-226670
In base 3, what is -10010000201110 - 102200?
-10010001011010
In base 11, what is 481a79 + 1120?
483099
In base 14, what is a485 + -35?
a450
In base 7, what is -302265 + -5014?
-310312
In base 10, what is -174310656 + 0?
-174310656
In base 16, what is 3d607 + -97?
3d570
In base 11, what is -2195895 - -7?
-2195889
I